101 - 111011101?
-110011001010
In base 10, what is 42559 + 3?
42562
In base 16, what is -4 - 13f1?
-13f5
In base 7, what is 244662 - -4?
244666
In base 14, what is -5 - 13c418?
-13c41d
In base 2, what is 1001010111010 + -1110?
1001010101100
In base 12, what is -11a28 - -3?
-11a25
In base 11, what is 368491 + 0?
368491
In base 14, what is -9a - -254b?
2491
In base 5, what is -30 + -3102?
-3132
In base 10, what is -204820 + 7?
-204813
In base 7, what is -20414 + -121?
-20535
In base 3, what is 101 - -112201120?
112201221
In base 2, what is 11 + -101010101100101111?
-101010101100101100
In base 12, what is -2794 + -25?
-27b9
In base 10, what is -13 + -8281?
-8294
In base 11, what is -3 - 13602a?
-136032
In base 15, what is 1 - 272c?
-272b
In base 11, what is 14 - -65a70?
65a84
In base 12, what is 46431 + 4?
46435
In base 15, what is 17 - -162?
179
In base 4, what is 110 + 10013230?
10020000
In base 14, what is 4 - 19aba?
-19ab6
In base 5, what is 21004 + 11121?
32130
In base 5, what is -4 - -443233?
443224
In base 13, what is 168ba + -1?
168b9
In base 4, what is 23130110 - 302?
23123202
In base 5, what is -4204 + 202?
-4002
In base 8, what is -22650 - -204?
-22444
In base 13, what is 480a - -2?
480c
In base 11, what is -816 + 1?
-815
In base 12, what is 4 + 11b98?
11ba0
In base 4, what is 1213 + -13103?
-11230
In base 4, what is 11013 + -2203?
2210
In base 2, what is 100001001 - 10000011?
10000110
In base 9, what is 302 + 2870?
3272
In base 14, what is -b60 + -2d?
-b8d
In base 4, what is 12320003 + -130?
12313213
In base 15, what is -6 - -4316?
4310
In base 13, what is -8874 - 2?
-8876
In base 9, what is 764316 - 5?
764311
In base 3, what is 2 - -120022100?
120022102
In base 6, what is 515 - 4542?
-4023
In base 5, what is 4 - 2234142?
-2234133
In base 14, what is 219 + 371?
58a
In base 16, what is cd32 + -9?
cd29
In base 16, what is -6 - -70b59?
70b53
In base 4, what is -111002 + 30?
-110312
In base 8, what is -120056 - 20?
-120076
In base 7, what is 454120 - -4?
454124
In base 10, what is -214013 + -5?
-214018
In base 9, what is 216 - 3068?
-2752
In base 7, what is 2 - -145355?
145360
In base 13, what is 0 + -b81c?
-b81c
In base 12, what is -7684a - 3?
-76851
In base 10, what is -2826 + 31?
-2795
In base 10, what is 83 - -2437?
2520
In base 7, what is 2 - -4452202?
4452204
In base 9, what is -4 + 164226?
164222
In base 2, what is -1 + -1000011000010111001?
-1000011000010111010
In base 15, what is -1 + -d68a3?
-d68a4
In base 16, what is -2 + -37f3a?
-37f3c
In base 16, what is -125 + 105?
-20
In base 8, what is -5 + -35302?
-35307
In base 2, what is 10 + -1100001000111011?
-1100001000111001
In base 12, what is 0 + -6b57?
-6b57
In base 9, what is 1 + 14100?
14101
In base 15, what is 3 + 4477?
447a
In base 2, what is 11010111 - 1101101010?
-1010010011
In base 8, what is -1 - -1316612?
1316611
In base 9, what is -54 - 111?
-165
In base 6, what is 442 - 230?
212
In base 13, what is 5 + 1376a?
13772
In base 5, what is -2120204 - -133?
-2120021
In base 16, what is -bd2cf - -2?
-bd2cd
In base 8, what is 2106 - 40?
2046
In base 8, what is 4 - -3303046?
3303052
In base 2, what is -10100111100101101010 + -101?
-10100111100101101111
In base 10, what is -1691 + -206?
-1897
In base 13, what is -145b2 + 9?
-145a6
In base 16, what is 5 + 1837?
183c
In base 6, what is 205442 + -24?
205414
In base 16, what is -3b9a + -9?
-3ba3
In base 12, what is 51 - -441?
492
In base 4, what is 11 - 332121001?
-332120330
In base 7, what is 3 + -24504?
-24501
In base 14, what is 8252 + 4?
8256
In base 12, what is -115432 + -5?
-115437
In base 9, what is -13 + -333218?
-333232
In base 11, what is 101a0a + 4?
101a13
In base 10, what is 0 - 202054?
-202054
In base 16, what is 39bb - 7?
39b4
In base 12, what is -2a0a2 - 21?
-2a103
In base 3, what is 2221222100 + -10?
2221222020
In base 2, what is 10101110011100111 + -10?
10101110011100101
In base 13, what is 1467 - -33?
149a
In base 16, what is -17ab - 168?
-1913
In base 3, what is 1202002021 + 0?
1202002021
In base 16, what is f10c - 9?
f103
In base 11, what is -498 + 299?
-1aa
In base 10, what is 0 + -520802?
-520802
In base 5, what is 122411 + 12?
122423
In base 11, what is -2 - 465784?
-465786
In base 4, what is 23331 + 1132022?
1222013
In base 6, what is 0 - 115505?
-115505
In base 3, what is -10 - -1121210221121?
1121210221111
In base 12, what is -1 - 5831a1?
-5831a2
In base 8, what is -4 - -55167?
55163
In base 8, what is -617525 + -15?
-617542
In base 15, what is -3 + -bda?
-bdd
In base 9, what is 1050432 - -12?
1050444
In base 11, what is -189 + 2253?
2075
In base 8, what is 2 + 34567?
34571
In base 7, what is -11211 - -110?
-11101
In base 2, what is 0 - 11011011001100010?
-11011011001100010
In base 3, what is 11 - 22200201?
-22200120
In base 13, what is 3 - 22a57?
-22a54
In base 6, what is -22 - 32524?
-32550
In base 7, what is 34365 - -3?
34401
In base 4, what is -21220 - -10312?
-10302
In base 9, what is 16405 + 11?
16416
In base 2, what is -110101010101111001 + 100?
-110101010101110101
In base 5, what is 3424 + -110322?
-101343
In base 5, what is -33414 - -10220?
-23144
In base 10, what is 24569 - 0?
24569
In base 3, what is -22110200 + -11?
-22110211
In base 3, what is 12111121211 + 12?
12111122000
In base 10, what is 5 - -97235?
97240
In base 2, what is -11 + 1010011100000?
1010011011101
In base 3, what is -22 + -111210100?
-111210122
In base 8, what is 147 + 6300?
6447
In base 13, what is -101 - 7141?
-7242
In base 5, what is -1413 + -4232?
-11200
In base 7, what is 1 + -503200?
-503166
In base 13, what is -1a - 1045?
-1062
In base 10, what is -79523 - -3?
-79520
In base 11, what is -7 + -2579?
-2585
In base 7, what is -3 - 103260?
-103263
In base 3, what is 11 - 12210120101?
-12210120020
In base 10, what is -5147 - 2?
-5149
In base 16, what is 65a - f?
64b
In base 7, what is -13443 + 14?
-13426
In base 15, what is 4 + -a9c?
-a98
In base 12, what is 239558 - -1?
239559
In base 3, what is -10 + -202221012?
-202221022
In base 14, what is 3 + 24b0?
24b3
In base 12, what is -704 - 54?
-758
In base 15, what is -e3 - -12a?
37
In base 4, what is -10202 + 2221?
-1321
In base 9, what is -1461 + 34?
-1426
In base 8, what is 0 - 133707?
-133707
In base 2, what is -101 + 111000001011?
111000000110
In base 9, what is 231 + -273?
-42
In base 7, what is -10 - -1123362?
1123352
In base 13, what is 167 - -618?
782
In base 15, what is -216 - 3e?
-255
In base 6, what is -1 - 23513050?
-23513051
In base 4, what is -100103 - -313?
-33130
In base 4, what is 30010 + -10202?
13202
In base 15, what is -6603 + 4?
-65ee
In base 13, what is -10 + 34a6?
3496
In base 12, what is -1054 + 37a?
-896
In base 7, what is 636551 + 5?
636556
In base 4, what is 20123220 - -1?
20123221
In base 7, what is 36646 + 11?
36660
In base 5, what is -1003 + 13432?
12424
In base 12, what is 2a386 + -b?
2a377
In base 14, what is -14c7a + 3?
-14c77
In base 12, what is -18 + -71555?
-71571
In base 7, what is -3 - 2006405?
-2006411
In base 5, what is 212002 + -2214?
204233
In base 8, what is -3 + -13667?
-13672
In base 10, what is -34 - 2497?
-2531
In base 4, what is -1223210221 + -10?
-1223210231
In base 16, what is -5bcd - 5?
-5bd2
In base 15, what is -4b - -1e9?
19d
In base 6, what is -24035 + 0?
-24035
In base 3, what is -21212012 + -10021?
-21222110
In base 6, what is 5 - 52053402?
-52053353
In base 11, what is 11 + -2a305?
-2a2a4
In base 5, what is 101031 + -332?
100144
In base 6, what is 4 - -304403?
304411
In base 15, what is -74ed - -a?
-74e3
In base 10, what is 38 + 434?
472
In base 7, what is 26 + -436035?
-436006
In base 16, what is 10a - -1be?
2c8
In base 5, what is -41010 - 114?
-41124
In base 13, what is -26b0099 + -1?
-26b009a
In base 14, what is -3 + 6717?
6714
In base 3, what is -221112111 - 2?
-221112120
In base 11, what is -444 - -824?
390
In base 12, what is -16577 - 18?
-16593
In base 3, what is 12010010 - -1002?
12011012
In base 6, what is -2 - -1012355?
1012353
In base 8, what is 5 - -6203?
6210
In base 14, what is -20245 + -4?
-20249
In base 11, what is -8a74 - -5?
-8a6a
In base 8, what is 1 + 655?
656
In base 13, what is -7c7 - -34?
-793
In base 13, what is -2169 + -9?
-2175
In base 7, what is 5022 + 2560?
10612
In base 12, what is -11 - 190